{"id":1958,"date":"2019-08-24T23:15:20","date_gmt":"2019-08-24T14:15:20","guid":{"rendered":"https:\/\/www.ozoverseas.in\/?page_id=1958"},"modified":"2021-01-06T01:23:31","modified_gmt":"2021-01-05T16:23:31","slug":"study-in-canada","status":"publish","type":"page","link":"https:\/\/www.ozoverseas.in\/?page_id=1958","title":{"rendered":"Study in Canada"},"content":{"rendered":"<p>[vc_row][vc_column][vc_column_text]<\/p>\r\n<p>Canada is the home of some of the world\u2019s top research facilities and academic institutions. Imagine learning in supportive academic environments where professors are approachable and classrooms reflect the cultural diversity of the land. Imagine entering the workforce with qualifications that are recognized and respected the world over.\u00a0This is what it means to study in Canada!<\/p>\r\n\r\n<p>Start your education in Canada with valuable information on everything you need to know about studying abroad in Canada, from study permits and temporary resident visas and how much it costs, to finding a program and what student life in Canada is really all about!<\/p>\r\n\r\n\r\n\r\n<p><strong>Why Study in Canada<\/strong><\/p>\r\n\r\n\r\n\r\n<ul class=\"wp-block-list\">\r\n<li>Canada spends more per capita on its education system than any other country in the G-8 and is among the top three countries in the Organization for Economic Cooperation and Development (OECD).<\/li>\r\n<li>A degree from a Canadian university is recognized worldwide and as a result, international students who graduate from Canadian universities enjoy successful and prosperous careers.<\/li>\r\n<li>Canada&#8217;s universities and colleges are world-renowned for their high standards, safe campuses, and educational excellence.<\/li>\r\n<li>They are at the forefront of the information technology revolution and ensure that their students are equipped for the 21st century.<\/li>\r\n<li>A degree from a Canadian university is considered equivalent to an American degree.<\/li>\r\n<li>The wide choice of schools in Canada includes major research institutions as well as small liberal arts schools and a full range of undergraduate, graduate, and professional degree programs<\/li>\r\n<li>Many Canadian Universities offer the opportunity to go beyond an ordinary degree by participating in international exchanges and co-operative work-experience programs or by participating in extra-curricular activities and athletics. Co-op work experience programs allow students to combine academic semesters with work terms that relate directly to their degree.<\/li>\r\n<li>Sports at Canadian universities and colleges are popular and competitive.<\/li>\r\n<li>Canada is a world leader in software development, telecommunications, aerospace engineering, urban transport, biotechnology, mining technology, and environmental industries.<\/li>\r\n<li>Canada offers a wide choice of 90 universities and 150 colleges and technical institutes, offering a wide range of programs.<\/li>\r\n<li>You will find excellent professors, reputable scientists, and world-renowned artists and writers a part of the faculty at Canadian universities.<\/li>\r\n<li>Outstanding facilities: First class libraries and sports facilities, museums and art galleries, theatres and concert halls: campuses have it all, including radio stations, newspapers, and stores that are run by students.<\/li>\r\n<li>The latest in computer labs, wired classrooms, and Internet access from campus, you will find a world of technology at your fingertips.<\/li>\r\n<li>More than ninety universities span this country, which, according to the United Nations, offers the highest quality of life in the world.<\/li>\r\n<li>Canada is among the select few countries whose students scored near the top in reading, mathematics, and science in the OECD&#8217;s Programme for International Student Assessment (PISA) study.<\/li>\r\n<\/ul>\r\n\r\n\r\n\r\n\r\n\r\n<p><strong>Climate<\/strong><\/p>\r\n\r\n<p>There are many climatic variations in Canada, ranging from the permanently frozen ice caps north of the 70th parallel to the lush vegetation of British Columbia&#8217;s west coast. Overall, however, Canada has four very distinct seasons, particularly in the more populated regions along the US border. Daytime summer temperatures can rise to 35\u00b0C and higher, while lows of -15\u00b0C are not uncommon in winter. More moderate temperatures are the norm in spring and fall. Over the years, Canadians have adapted extremely well to the colder periods of weather by installing heat in housing and cars, and by having heated public transportation systems.<\/p>\r\n\r\n\r\n\r\n<p><strong>Courses In Canada<\/strong><\/p>\r\n\r\n<p>Canadian College, where a smile is commonplace. Start with a warm and friendly atmosphere, add highly trained faculty and caring support staff, and state-of-the-art facilities, and you get an educational opportunity second to none!<\/p>\r\n\r\n\r\n\r\n<p><strong>Courses Available for International Students<\/strong><\/p>\r\n\r\n\r\n\r\n<ul class=\"wp-block-list\">\r\n<li>Accounting<\/li>\r\n<li>Accounting and Finance<\/li>\r\n<li>Business Studies<\/li>\r\n<li>Business Administration<\/li>\r\n<li>Chemical Engineering<\/li>\r\n<li>Civil Engineering<\/li>\r\n<li>Computer programming<\/li>\r\n<li>Computer networking and technical support<\/li>\r\n<li>Culinary Arts<\/li>\r\n<li>Electronics Engineering Computers<\/li>\r\n<li>Fashion Merchandising<\/li>\r\n<li>Food Technology<\/li>\r\n<li>Graphic Design<\/li>\r\n<li>International Management<\/li>\r\n<li>Hospitality (Hotel) Management<\/li>\r\n<li>Human Recourses Management<\/li>\r\n<li>Marketing<\/li>\r\n<li>Marketing Administration<\/li>\r\n<li>Mechanical Engineering<\/li>\r\n<li>Nursing<\/li>\r\n<li>Small Business Management<\/li>\r\n<li>Travel &amp; Tourism<\/li>\r\n<\/ul>\r\n\r\n\r\n\r\n<p><strong>Admission Requirements<\/strong><\/p>\r\n\r\n\r\n\r\n<ul class=\"wp-block-list\">\r\n<li>Minimum Year 12 (or recognised equivalent)<\/li>\r\n<li>Minimum requirement of IELTS is 6.0 Band or above<\/li>\r\n<\/ul>\r\n\r\n\r\n\r\n<p><strong>Course Duration<\/strong><\/p>\r\n\r\n\r\n\r\n<ul class=\"wp-block-list\">\r\n<li>1 to 4 years<\/li>\r\n<li>Commencing January, May and September (Winter, Summer &amp; Fall)<\/li>\r\n<\/ul>\r\n\r\n\r\n\r\n<p><strong>Course fee<\/strong><\/p>\r\n\r\n\r\n\r\n<ul class=\"wp-block-list\">\r\n<li>$CDN 9000.00 p.a. to 16500.00 p.a<\/li>\r\n<\/ul>\r\n\r\n<p>This guide is intended as a general guide only and the information it contains may change. Check that the information is correct by calling the office of Charms.<\/p>\r\n\r\n\r\n\r\n<p><strong>Institutes In Canada<\/strong><\/p>\r\n\r\n\r\n\r\n<figure class=\"wp-block-table\">\r\n<table>\r\n<tbody>\r\n<tr>\r\n<th>Institute Name<\/th>\r\n<th>Location<\/th>\r\n<\/tr>\r\n<tr>\r\n<th>ALBERTA<\/th>\r\n<th>\u00a0<\/th>\r\n<\/tr>\r\n<tr>\r\n<td><a href=\"http:\/\/bowvalleycollege.ca\/\" target=\"_blank\" rel=\"noreferrer noopener\">Bow Valley College<\/a><\/td>\r\n<td>Calgary<\/td>\r\n<\/tr>\r\n<tr>\r\n<td><a href=\"https:\/\/concordia.ab.ca\/\" target=\"_blank\" rel=\"noreferrer noopener\">Concordia University Of Edmonton<\/a><\/td>\r\n<td>Edmonton<\/td>\r\n<\/tr>\r\n<tr>\r\n<td><a href=\"https:\/\/www.lakelandcollege.ca\/\" target=\"_blank\" rel=\"noreferrer noopener\">Lakeland College<\/a><\/td>\r\n<td>Lloydminster, Vermillion<\/td>\r\n<\/tr>\r\n<tr>\r\n<td>Lethbridge College<\/td>\r\n<td>Lethbridge<\/td>\r\n<\/tr>\r\n<tr>\r\n<td>MacEwan University<\/td>\r\n<td>Edmonton<\/td>\r\n<\/tr>\r\n<tr>\r\n<td><a href=\"https:\/\/www.mhc.ab.ca\/\" target=\"_blank\" rel=\"noreferrer noopener\">Medicine Hat College (MHC)<\/a><\/td>\r\n<td>Medicine Hat<\/td>\r\n<\/tr>\r\n<tr>\r\n<td><a href=\"https:\/\/www.norquest.ca\/\" target=\"_blank\" rel=\"noreferrer noopener\">Norquest College<\/a><\/td>\r\n<td>Edmonton<\/td>\r\n<\/tr>\r\n<tr>\r\n<td><a>Olds College<\/a><\/td>\r\n<td>Calgary<\/td>\r\n<\/tr>\r\n<tr>\r\n<td><a>Red Deer College<\/a><\/td>\r\n<td>Red Deer<\/td>\r\n<\/tr>\r\n<tr>\r\n<td><a href=\"http:\/\/www.sait.ca\/\" target=\"_blank\" rel=\"noreferrer noopener\">South Alberta Institute of Technology (SAIT)<\/a><\/td>\r\n<td>Calgary<\/td>\r\n<\/tr>\r\n<tr>\r\n<td><a>St. Mary&#8217;s University<\/a><\/td>\r\n<td>Calgary<\/td>\r\n<\/tr>\r\n<tr>\r\n<td><a href=\"http:\/\/www.uleth.ca\/\" target=\"_blank\" rel=\"noreferrer noopener\">University Of Lethbridge<\/a><\/td>\r\n<td>Lethbridge , Calgary<\/td>\r\n<\/tr>\r\n<tr>\r\n<th>BRITISH COLUMBIA<\/th>\r\n<th>\u00a0<\/th>\r\n<\/tr>\r\n<tr>\r\n<td><a href=\"https:\/\/www.acsenda.com\/\" target=\"_blank\" rel=\"noreferrer noopener\">Acsenda School of Management<\/a><\/td>\r\n<td>Vancouver<\/td>\r\n<\/tr>\r\n<tr>\r\n<td>Adler University<\/td>\r\n<td>Vancouver<\/td>\r\n<\/tr>\r\n<tr>\r\n<td><a href=\"http:\/\/alexandercollege.ca\/\" target=\"_blank\" rel=\"noreferrer noopener\">Alexander College<\/a><\/td>\r\n<td>Burnaby, Vancouver<\/td>\r\n<\/tr>\r\n<tr>\r\n<td><a href=\"https:\/\/arbutuscollege.com\/\" target=\"_blank\" rel=\"noreferrer noopener\">Arbutus College<\/a><\/td>\r\n<td>Vancouver<\/td>\r\n<\/tr>\r\n<tr>\r\n<td><a href=\"http:\/\/camosun.ca\/\" target=\"_blank\" rel=\"noreferrer noopener\">Camosun College<\/a><\/td>\r\n<td>Victoria<\/td>\r\n<\/tr>\r\n<tr>\r\n<td><a href=\"http:\/\/www.tourismcollege.com\/\" target=\"_blank\" rel=\"noreferrer noopener\">Canadian College<\/a><\/td>\r\n<td>Vancouver<\/td>\r\n<\/tr>\r\n<tr>\r\n<td>Capilano University<\/td>\r\n<td>North Vancouver<\/td>\r\n<\/tr>\r\n<tr>\r\n<td>CDI<\/td>\r\n<td>Burnaby<\/td>\r\n<\/tr>\r\n<tr>\r\n<td>Coast Mountain College<\/td>\r\n<td>Terrace<\/td>\r\n<\/tr>\r\n<tr>\r\n<td><a href=\"http:\/\/www.cnc.bc.ca\/\" target=\"_blank\" rel=\"noreferrer noopener\">College Of New Caledonia (CNC)<\/a><\/td>\r\n<td>Prince George<\/td>\r\n<\/tr>\r\n<tr>\r\n<td><a href=\"http:\/\/www.cotr.bc.ca\/\" target=\"_blank\" rel=\"noreferrer noopener\">College Of The Rockies<\/a><\/td>\r\n<td>Cranbrook<\/td>\r\n<\/tr>\r\n<tr>\r\n<td><a href=\"https:\/\/www.college.columbia.edu\/\" target=\"_blank\" rel=\"noreferrer noopener\">Columbia College<\/a><\/td>\r\n<td>Vancouver<\/td>\r\n<\/tr>\r\n<tr>\r\n<td>Coquitlam College<\/td>\r\n<td>Coquitlam<\/td>\r\n<\/tr>\r\n<tr>\r\n<td>Canadian Tourism College (CTC)<\/td>\r\n<td>Vancouver<\/td>\r\n<\/tr>\r\n<tr>\r\n<td><a href=\"http:\/\/www.fdu.edu\/\" target=\"_blank\" rel=\"noreferrer noopener\">Fairleigh Dickinson University (FDU)<\/a><\/td>\r\n<td>Vancouver<\/td>\r\n<\/tr>\r\n<tr>\r\n<td><a href=\"https:\/\/www.fraseric.ca\/\" target=\"_blank\" rel=\"noreferrer noopener\">FIC@Simon Fraser University<\/a><\/td>\r\n<td>Burnaby , Vancouver<\/td>\r\n<\/tr>\r\n<tr>\r\n<td>Justice Institute of British Columbia (JIBC)<\/td>\r\n<td>New Westminster<\/td>\r\n<\/tr>\r\n<tr>\r\n<td><a href=\"http:\/\/www.kpu.ca\/\" target=\"_blank\" rel=\"noreferrer noopener\">Kwantlen Polytechnic University (KPU)<\/a><\/td>\r\n<td>Surrey, Richmond, Langley<\/td>\r\n<\/tr>\r\n<tr>\r\n<td><a href=\"http:\/\/www.lasallecollege.com\/\" target=\"_blank\" rel=\"noreferrer noopener\">La salle College<\/a><\/td>\r\n<td>Vancouver<\/td>\r\n<\/tr>\r\n<tr>\r\n<td><a href=\"http:\/\/langara.ca\/\" target=\"_blank\" rel=\"noreferrer noopener\">Langara Centre of Entertainment &amp; Arts<\/a><\/td>\r\n<td>Vancouver<\/td>\r\n<\/tr>\r\n<tr>\r\n<td>Langara College<\/td>\r\n<td>Vancouver<\/td>\r\n<\/tr>\r\n<tr>\r\n<td>Northeastern University<\/td>\r\n<td>Vancouver<\/td>\r\n<\/tr>\r\n<tr>\r\n<td><a href=\"https:\/\/international.nic.bc.ca\/\" target=\"_blank\" rel=\"noreferrer noopener\">North Island College (NIC)<\/a><\/td>\r\n<td>Courtenay, Campbell River, Port Alberni<\/td>\r\n<\/tr>\r\n<tr>\r\n<td><a href=\"http:\/\/www.nlc.bc.ca\/\" target=\"_blank\" rel=\"noreferrer noopener\">Northern Lights College (NLC)<\/a><\/td>\r\n<td>Fort St John, Dawson Creek<\/td>\r\n<\/tr>\r\n<tr>\r\n<td>New York Institute of Technology (NYIT)<\/td>\r\n<td>Vancouver<\/td>\r\n<\/tr>\r\n<tr>\r\n<td><a href=\"http:\/\/www.okanagan.bc.ca\/\" target=\"_blank\" rel=\"noreferrer noopener\">Okanagan College<\/a><\/td>\r\n<td>Kelowna, Penticton, Salmon Arm, Vernon<\/td>\r\n<\/tr>\r\n<tr>\r\n<td><a href=\"http:\/\/www.royalroads.ca\/\" target=\"_blank\" rel=\"noreferrer noopener\">Royal Roads University<\/a><\/td>\r\n<td>Victoria<\/td>\r\n<\/tr>\r\n<tr>\r\n<td><a href=\"http:\/\/www.selkirk.ca\/\" target=\"_blank\" rel=\"noreferrer noopener\">Selkirk College<\/a><\/td>\r\n<td>Castlegar<\/td>\r\n<\/tr>\r\n<tr>\r\n<td>Stenberg College<\/td>\r\n<td>Surrey<\/td>\r\n<\/tr>\r\n<tr>\r\n<td>Sterling College<\/td>\r\n<td>Vancouver, Surrey<\/td>\r\n<\/tr>\r\n<tr>\r\n<td>Sprott Shaw College<\/td>\r\n<td>Vancouver, Surrey<\/td>\r\n<\/tr>\r\n<tr>\r\n<td>City University<\/td>\r\n<td>Vancouver<\/td>\r\n<\/tr>\r\n<tr>\r\n<td><a href=\"http:\/\/www.tru.ca\/\" target=\"_blank\" rel=\"noreferrer noopener\">Thompson Rivers University (TRU)<\/a><\/td>\r\n<td>Kamloops, Williams Lake<\/td>\r\n<\/tr>\r\n<tr>\r\n<td>Trinity Western University<\/td>\r\n<td>Langley, Richmond<\/td>\r\n<\/tr>\r\n<tr>\r\n<td>University Canada West<\/td>\r\n<td>Vancouver<\/td>\r\n<\/tr>\r\n<tr>\r\n<td><a href=\"http:\/\/www.unbc.ca\/\" target=\"_blank\" rel=\"noreferrer noopener\">University Of Northern British Columbia<\/a><\/td>\r\n<td>Prince George<\/td>\r\n<\/tr>\r\n<tr>\r\n<td>University of the Fraser Valley<\/td>\r\n<td>Abbotsford<\/td>\r\n<\/tr>\r\n<tr>\r\n<td><a href=\"http:\/\/www.vcc.ca\/\" target=\"_blank\" rel=\"noreferrer noopener\">Vancouver Community College (VCC)<\/a><\/td>\r\n<td>Vancouver<\/td>\r\n<\/tr>\r\n<tr>\r\n<td><a href=\"http:\/\/www.vcc.ca\/\" target=\"_blank\" rel=\"noreferrer noopener\">Vancouver Island University (VIU)<\/a><\/td>\r\n<td>Nanaimo<\/td>\r\n<\/tr>\r\n<tr>\r\n<td>Western Community College<\/td>\r\n<td>Abbotsford, Surrey<\/td>\r\n<\/tr>\r\n<tr>\r\n<td>Yorkville University<\/td>\r\n<td>Vancouver<\/td>\r\n<\/tr>\r\n<tr>\r\n<th>MANITOBA<\/th>\r\n<th>\u00a0<\/th>\r\n<\/tr>\r\n<tr>\r\n<td><a href=\"http:\/\/assiniboine.net\/\" target=\"_blank\" rel=\"noreferrer noopener\">Assiniboine Community College<\/a><\/td>\r\n<td>Brandon<\/td>\r\n<\/tr>\r\n<tr>\r\n<td><a href=\"https:\/\/www.icmanitoba.ca\/\" target=\"_blank\" rel=\"noreferrer noopener\">International College of Manitoba(ICM)<\/a><\/td>\r\n<td>Winnipeg<\/td>\r\n<\/tr>\r\n<tr>\r\n<td><a href=\"http:\/\/mitt.ca\/\" target=\"_blank\" rel=\"noreferrer noopener\">Manitoba Institute Of Trades And Technology (MITT)<\/a><\/td>\r\n<td>Winnipeg<\/td>\r\n<\/tr>\r\n<tr>\r\n<td><a href=\"http:\/\/www.rrc.ca\/\" target=\"_blank\" rel=\"noreferrer noopener\">Red River College<\/a><\/td>\r\n<td>Winnipeg<\/td>\r\n<\/tr>\r\n<tr>\r\n<td><a href=\"https:\/\/www.uwinnipeg.ca\/\" target=\"_blank\" rel=\"noreferrer noopener\">The University Of Winnipeg<\/a><\/td>\r\n<td>Winnipeg<\/td>\r\n<\/tr>\r\n<tr>\r\n<td><a href=\"https:\/\/www.uwinnipeg.ca\/\" target=\"_blank\" rel=\"noreferrer noopener\">The University of Winnipeg Collegiate<\/a><\/td>\r\n<td>Winnipeg<\/td>\r\n<\/tr>\r\n<tr>\r\n<td><a href=\"http:\/\/umanitoba.ca\/\" target=\"_blank\" rel=\"noreferrer noopener\">University Of Manitoba<\/a><\/td>\r\n<td>Winnipeg<\/td>\r\n<\/tr>\r\n<tr>\r\n<td>Asper School of Business<\/td>\r\n<td>Winnipeg<\/td>\r\n<\/tr>\r\n<tr>\r\n<th>NEW BRUNSWICK<\/th>\r\n<th>\u00a0<\/th>\r\n<\/tr>\r\n<tr>\r\n<td><a href=\"https:\/\/www.mta.ca\/\" target=\"_blank\" rel=\"noreferrer noopener\">Mount Allison University<\/a><\/td>\r\n<td>Sackville<\/td>\r\n<\/tr>\r\n<tr>\r\n<td><a href=\"http:\/\/www.nbcc.ca\/\" target=\"_blank\" rel=\"noreferrer noopener\">New Brunswick Community College (NBCC)<\/a><\/td>\r\n<td>Fredericton,Miramichi, Moncton, Saint John, St. Andrews, Woodstock<\/td>\r\n<\/tr>\r\n<tr>\r\n<td><a href=\"http:\/\/www.unb.ca\/\" target=\"_blank\" rel=\"noreferrer noopener\">University Of New Brunswick (UNB)<\/a><\/td>\r\n<td>Fredericton, Saint John<\/td>\r\n<\/tr>\r\n<tr>\r\n<th>NEWFOUNDLAND AND LABRADOR<\/th>\r\n<th>\u00a0<\/th>\r\n<\/tr>\r\n<tr>\r\n<td>Memorial University of Newfoundland<\/td>\r\n<td>Corner Brook St. John\u2019s<\/td>\r\n<\/tr>\r\n<tr>\r\n<th>NOVA SCOTIA<\/th>\r\n<th>\u00a0<\/th>\r\n<\/tr>\r\n<tr>\r\n<td><a href=\"http:\/\/www2.acadiau.ca\/\" target=\"_blank\" rel=\"noreferrer noopener\">Acadia University<\/a><\/td>\r\n<td>Wolfville<\/td>\r\n<\/tr>\r\n<tr>\r\n<td>Mount Saint Vincent University (MSVU)<\/td>\r\n<td>Halifax<\/td>\r\n<\/tr>\r\n<tr>\r\n<td><a href=\"https:\/\/www.cbu.ca\/\" target=\"_blank\" rel=\"noreferrer noopener\">Cape Breton University (CBU)<\/a><\/td>\r\n<td>Sydney<\/td>\r\n<\/tr>\r\n<tr>\r\n<td>St. Franscis Xavier University<\/td>\r\n<td>Antigonish<\/td>\r\n<\/tr>\r\n<tr>\r\n<th>ONTARIO<\/th>\r\n<th>\u00a0<\/th>\r\n<\/tr>\r\n<tr>\r\n<td><a href=\"http:\/\/www.algonquincollege.com\/\" target=\"_blank\" rel=\"noreferrer noopener\">Algonquin College<\/a><\/td>\r\n<td>Ottawa, Pembroke, Perth<\/td>\r\n<\/tr>\r\n<tr>\r\n<td>Alpha @ St Lawrence &#8211; Toronto<\/td>\r\n<td>Scarborough<\/td>\r\n<\/tr>\r\n<tr>\r\n<td>BizTech College<\/td>\r\n<td>Mississauga<\/td>\r\n<\/tr>\r\n<tr>\r\n<td><a href=\"https:\/\/brocku.ca\/\" target=\"_blank\" rel=\"noreferrer noopener\">Brock University<\/a><\/td>\r\n<td>St. Catharines<\/td>\r\n<\/tr>\r\n<tr>\r\n<td>Goodman School of Business<\/td>\r\n<td>St. Catharines<\/td>\r\n<\/tr>\r\n<tr>\r\n<td><a href=\"http:\/\/cambriancollege.ca\/\" target=\"_blank\" rel=\"noreferrer noopener\">Cambrian College<\/a><\/td>\r\n<td>Sudbury<\/td>\r\n<\/tr>\r\n<tr>\r\n<td>Cambrian@Hanson<\/td>\r\n<td>Toronto, Brampton, Vancouver<\/td>\r\n<\/tr>\r\n<tr>\r\n<td>Canadore College<\/td>\r\n<td>Brampton, North Bay, Mississauga, Scarborough<\/td>\r\n<\/tr>\r\n<tr>\r\n<td><a href=\"https:\/\/www.centennialcollege.ca\/\" target=\"_blank\" rel=\"noreferrer noopener\">Centennial College<\/a><\/td>\r\n<td>Toronto<\/td>\r\n<\/tr>\r\n<tr>\r\n<td><a href=\"http:\/\/www.conestogac.on.ca\/\" target=\"_blank\" rel=\"noreferrer noopener\">Conestoga College<\/a><\/td>\r\n<td>Guelph, Brantford, Kitchener, Waterloo<\/td>\r\n<\/tr>\r\n<tr>\r\n<td><a href=\"http:\/\/www.durhamcollege.ca\/\" target=\"_blank\" rel=\"noreferrer noopener\">Durham College<\/a><\/td>\r\n<td>Oshawa, Pickering, Whitby<\/td>\r\n<\/tr>\r\n<tr>\r\n<td><a href=\"http:\/\/www.evergreencollege.ca\/\" target=\"_blank\" rel=\"noreferrer noopener\">Evergreen College<\/a><\/td>\r\n<td>Toronto<\/td>\r\n<\/tr>\r\n<tr>\r\n<td><a href=\"https:\/\/www.fanshawec.ca\/\" target=\"_blank\" rel=\"noreferrer noopener\">Fanshawe College<\/a><\/td>\r\n<td>London<\/td>\r\n<\/tr>\r\n<tr>\r\n<td><a href=\"https:\/\/flemingcollege.ca\/\" target=\"_blank\" rel=\"noreferrer noopener\">Fleming College<\/a><\/td>\r\n<td>Peterborough<\/td>\r\n<\/tr>\r\n<tr>\r\n<td><a href=\"http:\/\/www.georgiancollege.ca\/\" target=\"_blank\" rel=\"noreferrer noopener\">Georgian College<\/a><\/td>\r\n<td>Barrie, Orillia, Owen Sound, Orangeville<\/td>\r\n<\/tr>\r\n<tr>\r\n<td><a href=\"https:\/\/humber.ca\/\" target=\"_blank\" rel=\"noreferrer noopener\">Humber College<\/a><\/td>\r\n<td>Brampton, Lakeshore, Toronto<\/td>\r\n<\/tr>\r\n<tr>\r\n<td><a href=\"https:\/\/www.lakeheadu.ca\/\" target=\"_blank\" rel=\"noreferrer noopener\">Lakehead University<\/a><\/td>\r\n<td>Thunder Bay, Orillia<\/td>\r\n<\/tr>\r\n<tr>\r\n<td>Lambton College<\/td>\r\n<td>Mississauga, Sarnia, Toronto<\/td>\r\n<\/tr>\r\n<tr>\r\n<td><a href=\"http:\/\/www.loyalistcollege.com\/\" target=\"_blank\" rel=\"noreferrer noopener\">Loyalist College<\/a><\/td>\r\n<td>Belleville , Toronto<\/td>\r\n<\/tr>\r\n<tr>\r\n<td><a href=\"http:\/\/www.niagaracollege.ca\/\" target=\"_blank\" rel=\"noreferrer noopener\">Niagara College<\/a><\/td>\r\n<td>Welland, Niagara falls<\/td>\r\n<\/tr>\r\n<tr>\r\n<td>Nipissing University<\/td>\r\n<td>North Bay, Brantford, Bracebridge<\/td>\r\n<\/tr>\r\n<tr>\r\n<td>Northeastern University<\/td>\r\n<td>Toronto<\/td>\r\n<\/tr>\r\n<tr>\r\n<td>Northern College at Pures-Toronto<\/td>\r\n<td>Scarborough<\/td>\r\n<\/tr>\r\n<tr>\r\n<td><a>Pures College of Technology<\/a><\/td>\r\n<td>Scarborough<\/td>\r\n<\/tr>\r\n<tr>\r\n<td><a>RUIC@Ryerson University<\/a><\/td>\r\n<td>Toronto<\/td>\r\n<\/tr>\r\n<tr>\r\n<td><a href=\"http:\/\/www.saultcollege.ca\/\" target=\"_blank\" rel=\"noreferrer noopener\">Sault College<\/a><\/td>\r\n<td>St. Marie, Brampton , Toronto<\/td>\r\n<\/tr>\r\n<tr>\r\n<td><a href=\"http:\/\/www.senecacollege.ca\/\" target=\"_blank\" rel=\"noreferrer noopener\">Seneca College<\/a><\/td>\r\n<td>Toronto<\/td>\r\n<\/tr>\r\n<tr>\r\n<td><a href=\"http:\/\/www.sheridan.edu\/\" target=\"_blank\" rel=\"noreferrer noopener\">Sheridan College<\/a><\/td>\r\n<td>Brampton, Mississauga &amp; Oakville<\/td>\r\n<\/tr>\r\n<tr>\r\n<td><a href=\"http:\/\/www.stlawrencecollege.ca\/\" target=\"_blank\" rel=\"noreferrer noopener\">St. Lawrence College<\/a><\/td>\r\n<td>Kingston, Cornwall, Brockville<\/td>\r\n<\/tr>\r\n<tr>\r\n<td><a href=\"http:\/\/www.stlawrencecollege.ca\/\" target=\"_blank\" rel=\"noreferrer noopener\">St. Clair College<\/a><\/td>\r\n<td>Windsor<\/td>\r\n<\/tr>\r\n<tr>\r\n<td>Toronto School of Management (TSOM)<\/td>\r\n<td>Toronto<\/td>\r\n<\/tr>\r\n<tr>\r\n<td><a href=\"https:\/\/www.trentu.ca\/\" target=\"_blank\" rel=\"noreferrer noopener\">Trent University<\/a><\/td>\r\n<td>Peterborough, Durham<\/td>\r\n<\/tr>\r\n<tr>\r\n<td><a href=\"https:\/\/uwaterloo.ca\/\" target=\"_blank\" rel=\"noreferrer noopener\">University Of Waterloo<\/a><\/td>\r\n<td>Waterloo<\/td>\r\n<\/tr>\r\n<tr>\r\n<td>Wilfred Laurier University<\/td>\r\n<td>Waterloo<\/td>\r\n<\/tr>\r\n<tr>\r\n<td>Yorkville University<\/td>\r\n<td>Toronto<\/td>\r\n<\/tr>\r\n<tr>\r\n<th>PRINCE EDWARD ISLAND<\/th>\r\n<th>\u00a0<\/th>\r\n<\/tr>\r\n<tr>\r\n<td><a href=\"http:\/\/www.upei.ca\/\" target=\"_blank\" rel=\"noreferrer noopener\">University Of Prince Edward Island<\/a><\/td>\r\n<td>Charlottetown<\/td>\r\n<\/tr>\r\n<tr>\r\n<th>QUEBEC<\/th>\r\n<th>\u00a0<\/th>\r\n<\/tr>\r\n<tr>\r\n<td>Aviron qu\u00e9bec coll\u00e8ge technique<\/td>\r\n<td>Quebec City<\/td>\r\n<\/tr>\r\n<tr>\r\n<td>Aviron Technical Institute<\/td>\r\n<td>Qu\u00e9bec<\/td>\r\n<\/tr>\r\n<tr>\r\n<td>Canada College<\/td>\r\n<td>Montr\u00e9al, Sherbrooke<\/td>\r\n<\/tr>\r\n<tr>\r\n<td>Coll\u00e8ge De Comptabilit\u00e9 Et De Secr\u00e9tariat Du Qu\u00e9bec (CCSQ)<\/td>\r\n<td>Longueuil, Montr\u00e9al<\/td>\r\n<\/tr>\r\n<tr>\r\n<td>Coll\u00e8ge De L&#8217;Estrie Inc (CDE)<\/td>\r\n<td>Sherbrooke<\/td>\r\n<\/tr>\r\n<tr>\r\n<td>CDI<\/td>\r\n<td>Montreal<\/td>\r\n<\/tr>\r\n<tr>\r\n<td>Cegep de la Gaspesie et des iles (CEGEP)<\/td>\r\n<td>Montreal<\/td>\r\n<\/tr>\r\n<tr>\r\n<td>Cegep &#8211; Marie Victorian<\/td>\r\n<td>Montreal<\/td>\r\n<\/tr>\r\n<tr>\r\n<td>Herzing College<\/td>\r\n<td>Montreal<\/td>\r\n<\/tr>\r\n<tr>\r\n<td>ISI (L&#8217;institut Sup\u00e9rieur d&#8217;Informatique)<\/td>\r\n<td>Montr\u00e9al<\/td>\r\n<\/tr>\r\n<tr>\r\n<td><a href=\"http:\/\/www.lasallecollege.com\/\" target=\"_blank\" rel=\"noreferrer noopener\">Lasalle<\/a><\/td>\r\n<td>Montreal<\/td>\r\n<\/tr>\r\n<tr>\r\n<td>M College<\/td>\r\n<td>Montr\u00e9al<\/td>\r\n<\/tr>\r\n<tr>\r\n<td>Matrix College<\/td>\r\n<td>Montr\u00e9al<\/td>\r\n<\/tr>\r\n<tr>\r\n<td>Multihexa college<\/td>\r\n<td>Saguenay<\/td>\r\n<\/tr>\r\n<tr>\r\n<td>St. Michel College<\/td>\r\n<td>Montr\u00e9al<\/td>\r\n<\/tr>\r\n<tr>\r\n<td>Trebas Institute<\/td>\r\n<td>Montr\u00e9al<\/td>\r\n<\/tr>\r\n<tr>\r\n<th>SASKATCHEWAN<\/th>\r\n<th>\u00a0<\/th>\r\n<\/tr>\r\n<tr>\r\n<td><a href=\"http:\/\/saskpolytech.ca\/\" target=\"_blank\" rel=\"noreferrer noopener\">Saskatchewan Polytechnic<\/a><\/td>\r\n<td>Moose Jaw, Prince Albert, Regina, Saskatoon<\/td>\r\n<\/tr>\r\n<tr>\r\n<td>University Of Regina<\/td>\r\n<td>Regina<\/td>\r\n<\/tr>\r\n<tr>\r\n<td><a href=\"https:\/\/www.usask.ca\/\" target=\"_blank\" rel=\"noreferrer noopener\">University Of Saskatchewan<\/a><\/td>\r\n<td>Saskatoon<\/td>\r\n<\/tr>\r\n<tr>\r\n<td>Great Plains College<\/td>\r\n<td>Swift Current<\/td>\r\n<\/tr>\r\n<tr>\r\n<td><a href=\"http:\/\/www.parkland.edu\/\" target=\"_blank\" rel=\"noreferrer noopener\">Parkland College<\/a><\/td>\r\n<td>Yorkton<\/td>\r\n<\/tr>\r\n<tr>\r\n<td>Cumberland College<\/td>\r\n<td>Melfort<\/td>\r\n<\/tr>\r\n<tr>\r\n<th>YUKON<\/th>\r\n<th>\u00a0<\/th>\r\n<\/tr>\r\n<tr>\r\n<td><a href=\"https:\/\/www.yukonu.ca\/\" target=\"_blank\" rel=\"noreferrer noopener\">Yukon University<\/a><\/td>\r\n<td>Whitehorse<\/td>\r\n<\/tr>\r\n<\/tbody>\r\n<\/table>\r\n<\/figure>\r\n\r\n<p>&nbsp;<\/p>\r\n<p>[\/vc_column_text][\/vc_column][\/vc_row]<\/p>","protected":false},"excerpt":{"rendered":"<p>[vc_row][vc_column][vc_column_text] Start your education in Canada with valuable information on everything you need to know about studying abroad in Canada, [&hellip;]<\/p>\n","protected":false},"author":1,"featured_media":0,"parent":0,"menu_order":0,"comment_status":"closed","ping_status":"closed","template":"","meta":{"pagelayer_contact_templates":[],"_pagelayer_content":"","footnotes":""},"class_list":["post-1958","page","type-page","status-publish","hentry"],"_links":{"self":[{"href":"https:\/\/www.ozoverseas.in\/index.php?rest_route=\/wp\/v2\/pages\/1958","targetHints":{"allow":["GET"]}}],"collection":[{"href":"https:\/\/www.ozoverseas.in\/index.php?rest_route=\/wp\/v2\/pages"}],"about":[{"href":"https:\/\/www.ozoverseas.in\/index.php?rest_route=\/wp\/v2\/types\/page"}],"author":[{"embeddable":true,"href":"https:\/\/www.ozoverseas.in\/index.php?rest_route=\/wp\/v2\/users\/1"}],"replies":[{"embeddable":true,"href":"https:\/\/www.ozoverseas.in\/index.php?rest_route=%2Fwp%2Fv2%2Fcomments&post=1958"}],"version-history":[{"count":6,"href":"https:\/\/www.ozoverseas.in\/index.php?rest_route=\/wp\/v2\/pages\/1958\/revisions"}],"predecessor-version":[{"id":2170,"href":"https:\/\/www.ozoverseas.in\/index.php?rest_route=\/wp\/v2\/pages\/1958\/revisions\/2170"}],"wp:attachment":[{"href":"https:\/\/www.ozoverseas.in\/index.php?rest_route=%2Fwp%2Fv2%2Fmedia&parent=1958"}],"curies":[{"name":"wp","href":"https:\/\/api.w.org\/{rel}","templated":true}]}}